se 15, what is -1 - -5436?
5435
In base 6, what is -301 + -510?
-1211
In base 4, what is 1302 - -201202?
203110
In base 8, what is 1377 - 305?
1072
In base 5, what is -10 + -10401240?
-10401300
In base 4, what is -2002332 + -101?
-2003033
In base 2, what is 11 + 111011111?
111100010
In base 7, what is -152 + 254?
102
In base 16, what is -75a2 + -13?
-75b5
In base 5, what is 0 + 311401?
311401
In base 13, what is -1960 + -1?
-1961
In base 5, what is -2 + -21440?
-21442
In base 10, what is -1 + 108344?
108343
In base 16, what is 29a21 - 0?
29a21
In base 8, what is 162311 + -35?
162254
In base 13, what is -20a - 22c?
-439
In base 3, what is -21202221 - 10012?
-21220010
In base 10, what is 12 + -2886?
-2874
In base 5, what is 2232141 - -231?
2232422
In base 13, what is -9 - 226bb?
-226c7
In base 9, what is -143066 - 27?
-143104
In base 11, what is -101 + -411?
-512
In base 11, what is -3 + -5058?
-5060
In base 15, what is -6c0 + 0?
-6c0
In base 10, what is -274 + 94?
-180
In base 3, what is -100201111 - -202?
-100200202
In base 11, what is -4a95a - -3?
-4a957
In base 10, what is -1 + 327526?
327525
In base 16, what is 3 - 19f76?
-19f73
In base 14, what is 4 + -327d70?
-327d6a
In base 15, what is -2c3 + dbd?
aea
In base 5, what is 402310 + 32?
402342
In base 6, what is 15 + -105334?
-105315
In base 5, what is 223313 + -223?
223040
In base 3, what is 10101 - -11010202?
11021010
In base 13, what is 69788 - -2?
6978a
In base 5, what is -4 - -32223234?
32223230
In base 15, what is 2 + -30266?
-30264
In base 14, what is 3c945b - -3?
3c9460
In base 2, what is 11000 + 10100011011?
10100110011
In base 15, what is -8de + 193?
-74b
In base 2, what is 10100 + -100010101001?
-100010010101
In base 15, what is 24 + 37d?
3a2
In base 9, what is 63 - 13721?
-13647
In base 16, what is -bea + -39?
-c23
In base 2, what is 0 + 1111101100?
1111101100
In base 12, what is 76a - 2?
768
In base 2, what is -11011001110101 - 10101111?
-11011100100100
In base 9, what is -4 + 35533?
35528
In base 4, what is 101 + 30210?
30311
In base 15, what is 5 + -2bb92?
-2bb8c
In base 5, what is -1042 + -21421?
-23013
In base 7, what is 203 + 2?
205
In base 2, what is 0 + 11111001000101001?
11111001000101001
In base 2, what is -110000101 + -1011001001?
-10001001110
In base 12, what is 135 + 99?
212
In base 15, what is 149 - 29?
120
In base 6, what is 132225 + 1430?
134055
In base 4, what is -2010202 + -3?
-2010211
In base 3, what is 20 - 201210002010?
-201210001220
In base 2, what is -111101100010011010 - 11111?
-111101100010111001
In base 15, what is d + -7bb0?
-7ba2
In base 10, what is 557136 - -5?
557141
In base 3, what is 102122202 + -2?
102122200
In base 9, what is -28 - -2?
-26
In base 2, what is -1 - -10100011100001101?
10100011100001100
In base 6, what is -440 - -1004?
124
In base 11, what is -14628 - 1?
-14629
In base 7, what is -3546 + 11504?
4625
In base 9, what is 178 + 2377?
2566
In base 3, what is -212220202221 - 0?
-212220202221
In base 9, what is -6 - 221162?
-221168
In base 12, what is 13 - 1460?
-1449
In base 11, what is -55 - 1654?
-16a9
In base 4, what is -11 + 2313320?
2313303
In base 11, what is 0 - -4427?
4427
In base 9, what is 86 - -1055?
1152
In base 13, what is -5a18c5 - 4?
-5a18c9
In base 9, what is 3 + 146180?
146183
In base 3, what is -2212220 - 10100102?
-20020022
In base 5, what is 1101 - 114?
432
In base 13, what is -a08 - -a45?
3a
In base 8, what is 0 + -100302?
-100302
In base 9, what is 2656312 + 4?
2656316
In base 14, what is 1315 - 1?
1314
In base 14, what is 0 + 2473b?
2473b
In base 16, what is 1 - -1687?
1688
In base 4, what is 12 - 110012?
-110000
In base 12, what is -2 - 125a?
-1260
In base 3, what is 1211102002 + -12?
1211101220
In base 14, what is 51603 + -5?
515dc
In base 3, what is 1022022011100 + 10?
1022022011110
In base 14, what is b23c7 + 3?
b23ca
In base 14, what is -4bb - 45?
-522
In base 2, what is 1111100001 + 0?
1111100001
In base 13, what is -1269 - 17?
-1283
In base 12, what is -35 - 20b7?
-2130
In base 12, what is -4591 - -5?
-4588
In base 5, what is -12430 - 1?
-12431
In base 13, what is 7 + -a02?
-9c8
In base 2, what is -101 + 11100110010101?
11100110010000
In base 13, what is -209 + -4b?
-257
In base 5, what is -4 - -2123340?
2123331
In base 11, what is -2 + -2a85?
-2a87
In base 15, what is -2 - 1e7e?
-1e81
In base 4, what is -10 + -2220013?
-2220023
In base 4, what is -1 - 3010231112?
-3010231113
In base 6, what is 412 + 13150?
14002
In base 7, what is -152056205 + 2?
-152056203
In base 15, what is -20256 + 4?
-20252
In base 5, what is -1224 - 1244?
-3023
In base 8, what is -143127 - -1?
-143126
In base 16, what is 7a5d - 4?
7a59
In base 7, what is -636632 + 5?
-636624
In base 12, what is -1a + -1934?
-1952
In base 7, what is 52335 + -3?
52332
In base 8, what is 344 + 142?
506
In base 12, what is 9795 + -2?
9793
In base 11, what is -4 + 10457?
10453
In base 13, what is 588 - -3?
58b
In base 2, what is 100010010000 + -101011110?
11100110010
In base 9, what is 570237 + -4?
570233
In base 13, what is -4016 - 65?
-407b
In base 16, what is -1102 + 6?
-10fc
In base 2, what is 100001111 - 1101110?
10100001
In base 15, what is 44 - -7c?
c1
In base 4, what is -2301302 + 1?
-2301301
In base 14, what is 9 + -6156?
-614b
In base 3, what is -112 - 1210201120?
-1210202002
In base 8, what is -37 - 14221?
-14260
In base 15, what is -7 - 791b?
-7923
In base 16, what is 81 - 3039?
-2fb8
In base 16, what is 31c2 + 8?
31ca
In base 10, what is -472 + -4911?
-5383
In base 5, what is -2 - -11443?
11441
In base 11, what is -33012 - 2?
-33014
In base 16, what is 6f - -1a0f?
1a7e
In base 7, what is 11 - -335332?
335343
In base 8, what is 30 - -2167?
2217
In base 13, what is -347 - 528?
-872
In base 2, what is 100000001 + 101011?
100101100
In base 10, what is -10192 + 19?
-10173
In base 7, what is -50 + -163414?
-163464
In base 6, what is -1020 + 133?
-443
In base 5, what is -3230 - 1101?
-4331
In base 14, what is 139c + -2?
139a
In base 8, what is -2 - -262511?
262507
In base 2, what is -11101011 + 1010001?
-10011010
In base 7, what is 1000 + -12246?
-11246
In base 9, what is 4 + 3035?
3040
In base 10, what is -975 + 144?
-831
In base 9, what is 3 + 7648?
7652
In base 4, what is 1 + 1023111?
1023112
In base 10, what is -30 - 12841?
-12871
In base 4, what is -100 - 1032310?
-1033010
In base 2, what is -111111 + 11111001110011?
11111000110100
In base 14, what is -25c5 + 5?
-25c0
In base 13, what is -75b - -806?
78
In base 5, what is -1 + -4210102?
-4210103
In base 15, what is 11 + -177c?
-176b
In base 12, what is -4 + -2b68?
-2b70
In base 14, what is -3ac + -33?
-401
In base 11, what is -2 - 8709?
-8710
In base 3, what is -10 + 1102221001?
1102220221
In base 9, what is -43 + -14430?
-14473
In base 8, what is 3676 + -605?
3071
In base 13, what is 1c + -7ca?
-7ab
In base 5, what is 2042012 + -2?
2042010
In base 9, what is -160376 + 3?
-160373
In base 16, what is -c9ba + c?
-c9ae
In base 5, what is -3242 - 4?
-3301
In base 5, what is -204 + 232031?
231322
In base 7, what is 154 + 20312?
20466
In base 2, what is 111000 - -111001000110110?
111001001101110
In base 8, what is 505635 + -2?
505633
In base 12, what is 886312 - -4?
886316
In base 2, what is -10001 - -1001001111001001000?
1001001111000110111
In base 12, what is 43039 + 0?
43039
In base 2, what is -110 - 111101010011?
-111101011001
In base 12, what is -53 - -1a78?
1a25
In base 5, what is -2100 + 220?
-1330
In base 3, what is -1011210 + -1012?
-1012222
In base 8, what is -3 - -4555?
4552
In base 12, what is a207b8 + 0?
a207b8
In base 11, what is -162 + -18?
-17a
In base 11, what is -24 + 2723a?
27216
In base 10, what is 74 - 381?
-307
In base 10, what is 8751 + 4?
8755
In base 5, what is -100201 - -110?
-100041
In base 15, what is 1 - 12b5d4?
-12b5d3
In base 6, what is 20 + 4021?
4041
In base 3, what is 2 - -112012210?
112012212
In base 10, what is -7451 - -9?
-7442
In base 14, what is -48 + 45?
-3
In base 10, what is -282061 + -8?
-282069
In base 16, what is 2 + -3702?
-3700
In base 15, what is 1 - 4344?
-4343
In base 4, what is -1120 - 1123?
-2303
In base 5, what is -1 + 223444304?
223444303
In base 6, what is -2 + 143331?
143325
In base 9, what is -4 + 718023?
718018
In base 16, what is -291 - -1